 2 + 18, -m*f = -5*c + 60. Let t = 10 + c. List the prime factors of t.
2, 5
Suppose d = 8 + 10. Suppose -3*q + d = -0*q. What are the prime factors of q?
2, 3
Suppose 3*f = 6 + 6. Suppose 3*l - 4*d = 22, -3*l - 2*l + f*d + 42 = 0. Let z = -3 + l. List the prime factors of z.
7
Suppose -3*x - 2*x + 20 = -3*o, 3*o = -4*x + 16. Let z = -1 + 1. Suppose z = -h - 4, o*u + 27 = u - 4*h. List the prime factors of u.
11
Let t(p) = -p**2 + p - 1. Let m(w) = 3*w**2 + 2*w + 9. Let a(h) = -m(h) - 4*t(h). Let q be a(5). List the prime factors of (q/4 - -2)*-14.
7
Let x = 52 - 80. List the prime factors of (-524)/x + 4/14.
19
List the prime factors of (-4 + 10)/3 - 0.
2
Let d(j) = -j**3 + 20*j**2 - 14*j + 30. What are the prime factors of d(19)?
5
Let s = 46 + 8. List the prime factors of s.
2, 3
Let b(t) = -t**3 - 7*t**2 - 7*t + 4. List the prime factors of b(-6).
2, 5
Let k = -30 + 57. What are the prime factors of k?
3
Let s(v) = v**3 - 4*v**2 + v - 2. Let j be s(4). Let u(h) = 14*h + 4. What are the prime factors of u(j)?
2
Let h(n) = n**3 - n + 1. Let g be h(0). List the prime factors of 1/(-2)*(-18)/g.
3
Suppose 3*i + 3 = -3. Let n be 2 + 1/(-1) + i. What are the prime factors of 9 + (3/n)/3?
2
Let z be 2 + 1 - (-81)/(-9). Let x(n) = -n**3 - 6*n**2 - 2*n + 8. List the prime factors of x(z).
2, 5
Suppose -4*k + 215 = k. What are the prime factors of k?
43
Let p(q) = -q**3 + q**2 + 4*q + 1. Let l be p(3). What are the prime factors of (-10)/(-4)*(l - -7)?
5
Suppose 2 = 5*u + 7. Let n = -12 - -5. What are the prime factors of (6 - 4) + n/u?
3
Let w = 15 + 118. What are the prime factors of w?
7, 19
Let d be 1/2 - 10/(-4). Suppose 0 = 2*a + d*t - 63 + 18, -5*a + 5*t = -50. List the prime factors of a.
3, 5
Suppose 12 = 3*j, -3*m + 185 = -5*j - 185. What are the prime factors of m?
2, 5, 13
Let f = -5 + 4. Let u be (-3 - (f - 0)) + 0. List the prime factors of 1 + 0 - 2/u.
2
Let c be -3 - -7 - (2 + 0). Suppose -c*n + 4 = -2*y + 12, n = -2. List the prime factors of (-1 + 0/y)*-19.
19
What are the prime factors of (0 - 3 - -2) + 4?
3
Let l = 18 - 4. Suppose 2*b - l - 36 = 0. Suppose 34 = 4*t - 4*j + j, -3*t + 2*j = -b. List the prime factors of t.
7
Let t be (-14)/4 - 3/(-6). Let s = 6 + t. Suppose 4*u - 48 = -4*j, s*u - 3 = u + 5*j. List the prime factors of u.
3
Suppose f - 7 = 3*r, 4*f - 2*r + 12 = 2*r. List the prime factors of 1/1 - 32/f.
5
Let i(h) = -h**2 + 12*h - 11. What are the prime factors of i(8)?
3, 7
Suppose 3*z + 5*x = -16, z + 0*x + 10 = -4*x. Let o = z + 9. List the prime factors of o.
7
Let d(k) = k. Let l be d(2). Suppose -y + l*y - 3 = 0. Suppose y*g = 11 + 1. What are the prime factors of g?
2
Let l(x) = -x**2 - 5*x + 2. Let a be -4 - 2/(-1 - -3). List the prime factors of l(a).
2
Let c be 7*(-1 + -2 + 8). What are the prime factors of c/3 + 2/(-3)?
11
Let p = 1 + -1. Suppose -2*w = 5*m - 11 - 12, p = 4*w + m - 55. What are the prime factors of w?
2, 7
Suppose 0 = b, 5*z - 4*b = 14 + 1. Suppose -1 = -3*q + 11, 4*n + z*q - 112 = 0. What are the prime factors of n?
5
Suppose -2*c + 117 = -167. What are the prime factors of c?
2, 71
Let y = 122 + -43. What are the prime factors of y?
79
Suppose -2*b + 83 = 2*u - 5*b, -2*b = 10. List the prime factors of u.
2, 17
List the prime factors of (-13)/((-65)/240) + (6 - 3).
3, 17
Suppose -6*s + 9*s = 18. What are the prime factors of s?
2, 3
Suppose -85 = -2*g + 5*l, 190 = 2*g + 3*g - 5*l. List the prime factors of g.
5, 7
Let j(d) = -d**3 - 6*d**2. Let z be j(-6). Suppose 4*g + 4*m = 12, -g + z*m - 2*m + 4 = 0. Suppose -4 = -g*y - 0*y. List the prime factors of y.
2
Suppose -2*j - 4 = -5*j + 2*w, -4*j - 3*w = -11. Suppose -j*g = -3*g + 1. What are the prime factors of 6/(-9)*-12 - g?
7
Let z = 85 - -4. What are the prime factors of z?
89
Suppose 2*q - 31 = 5*j, 3*q = j - 4*j - 6. Let m be q/9 + 4/6. Suppose -2*z = -5 - m. What are the prime factors of z?
3
Suppose 2*m - 7*m = 5*k - 140, 0 = -5*m - 25. Suppose 2*i = i + k. What are the prime factors of i?
3, 11
Suppose 0*f - f + 2 = 0. Let b(j) = j**2 - j**3 + 5*j**f + 2 - 4 + j. List the prime factors of b(6).
2
Let r(i) = -2 - 1 + 2 + 3*i. Suppose -8 = -7*a + 3*a. What are the prime factors of r(a)?
5
Let i be (-21)/15 - 4/(-10). Let t(p) = 2*p**3 + 2*p**2 - 1. Let c be t(i). What are the prime factors of 11*(-3)/(3*c)?
11
Let c be 14/21*(-30)/(-4). Let j be (-8)/(-1 + (-17)/(-19)). Suppose -i - j = -c*i. List the prime factors of i.
19
Suppose 0 = -5*h + 3*t - 23, 11 = -3*h + t - 2*t. Let j(z) = -2*z - 5. Let b be j(h). Let g = b - -1. List the prime factors of g.
2
Suppose -u - 1722 = -7*u. What are the prime factors of u?
7, 41
Let q be ((-5)/2 + 3)*12. Let b = -8 + q. List the prime factors of b/7 + 585/63.
3
Let v = 3 + 2. Suppose -5*f + 3*f - 5*s + 31 = 0, f - s = v. List the prime factors of f.
2
Let o = -79 + 133. List the prime factors of o.
2, 3
Suppose -2*o = o - 282. Let s = o + -52. What are the prime factors of s?
2, 3, 7
Let i = 8 - 8. Suppose -2*a = 2*x - 2, 3 = -2*a - i*a - x. List the prime factors of (3 + a)/(2/(-24)).
2, 3
Let f(g) = -12*g - 6. What are the prime factors of f(-3)?
2, 3, 5
Let o(v) = v**3 - 5*v**2 + 3*v - 20. List the prime factors of o(8).
2, 7
Let w = 79 + -46. Suppose 0*n = -2*p - n - 11, 0 = p - 5*n + w. Let t = -3 - p. List the prime factors of t.
5
Suppose 3 - 1 = h. Let y(o) = 2*o**2 - 1. Let a be y(-1). Suppose -h*f = -9 - a. What are the prime factors of f?
5
List the prime factors of (-12)/(-3)*42/4.
2, 3, 7
Suppose t + 5*d - 4 = 0, 0 = 2*t + d + 4*d + 2. Let q = t + 8. What are the prime factors of q?
2
List the prime factors of 6/16 - ((-32715)/24)/5.
3, 7, 13
What are the prime factors of ((-4)/(-5))/(14/385)?
2, 11
Suppose -6*y = -y - 5, 0 = -2*s - 4*y - 26. What are the prime factors of 4/6 + (-395)/s?
3
Suppose h + s + 6 = 0, -5*h - 27 = -s + 5*s. Let n = h + 5. Suppose -n*k + 12 = -0*k. What are the prime factors of k?
2, 3
Let n = -2 + 23. List the prime factors of n.
3, 7
Let y(p) = 2*p - 7. List the prime factors of y(17).
3
Let j be (3 + 0 + 6)*1. Let d = 16 - j. List the prime factors of d.
7
Let n(c) = c**3 - 4*c**2 - 4*c - 2. Let i be n(5). Suppose i + 1 = a. Suppose -5*o + 68 = a*q, 0*o + 4*q + 60 = 3*o. List the prime factors of o.
2
Let p(v) = v + 6. Let d be p(-7). Let a = d - -5. Suppose a = h + 2. What are the prime factors of h?
2
Suppose -6*s + 814 = 58. What are the prime factors of s?
2, 3, 7
Let a = 11 + 46. Let p be ((-10)/(-4))/(1/2). List the prime factors of 3/p + a/5.
2, 3
Let x(p) = 5*p - 6. Let q be x(4). Let o = 23 - q. List the prime factors of o.
3
Let m be (-6)/(-12) + (-117)/(-2). Let r = m + -29. Suppose r = w + 4*w. List the prime factors of w.
2, 3
Let v = -6 - -58. Suppose -3*g = -5*g + v. List the prime factors of g.
2, 13
Let a(v) = v - 6. List the prime factors of a(13).
7
Let m(g) = -g + 4. Let h be m(6). Let i be (1/(-2)*0)/h. Suppose -2*x + x + 2*k = -8, i = 5*k - 15. List the prime factors of x.
2, 7
Let p = 10 - 8. Let l be 14/7 - (-1 + p). Suppose a - 7 = l. What are the prime factors of a?
2
Let q be (3 - 2)*-2 + 3. List the prime factors of q + -3 + 8 + -1.
5
Let k(m) = -5*m + m - m**3 + 2 - 4*m**2 + 5*m. Let h be k(-3). Let b = 16 + h. List the prime factors of b.
2, 3
Suppose 2*u - 3*n - 87 = -0*u, -31 = -u - n. Suppose -g = -s - 0*g + 7, 5*g - 5 = -5*s. Suppose 2*o = -0*o + 4, 2*o = s*z - u. What are the prime factors of z?
2, 5
Let o(d) = 13*d - 21. What are the prime factors of o(18)?
3, 71
Let o = -27 - -12. What are the prime factors of (-1 - (-6)/9)*o?
5
Let y be 2 + 7 - (-5 + 4). Let i(t) = -t + 12. What are the prime factors of i(y)?
2
Suppose -1 = -5*w - 6, -4*v - 5*w = -283. Suppose 3*y - v = -y. List the prime factors of y.
2, 3
Suppose -3*s + 57 + 213 = 0. What are the prime factors of s?
2, 3, 5
What are the prime factors of (-10)/(-65) + -89*(-2)/26?
7
What are the prime factors of (-2)/(-8) + (-6234)/(-24) + 4?
2, 3, 11
Let y = -38 - -71. Suppose 2*d - 5*d + y = 0. List the prime factors of d.
11
What are the prime factors of (-870)/(-25) - 4/5?
2, 17
Suppose -90 - 6 = -2*p. What are the prime factors of p?
2, 3
Suppose -v = 4*v. Suppose v = -a - 2*a. Suppose 0 = -2*s - 2*i + 24, a = -s + 5*i - 12 - 6. List the prime factors o